{"id":360,"date":"2020-09-16T21:25:54","date_gmt":"2020-09-16T21:25:54","guid":{"rendered":"https:\/\/oftalmologia.salasalud.com.ar\/?page_id=360"},"modified":"2026-01-10T16:46:58","modified_gmt":"2026-01-10T16:46:58","slug":"profesionales","status":"publish","type":"page","link":"https:\/\/oftalmologia.salasalud.com.ar\/index.php\/profesionales\/","title":{"rendered":"Profesionales"},"content":{"rendered":"\t\t<div data-elementor-type=\"wp-page\" data-elementor-id=\"360\" class=\"elementor elementor-360\">\n\t\t\t\t\t\t<section class=\"elementor-section elementor-top-section elementor-element elementor-element-5fd48ae elementor-section-stretched elementor-section-boxed elementor-section-height-default elementor-section-height-default\" data-id=\"5fd48ae\" data-element_type=\"section\" data-e-type=\"section\" data-settings=\"{&quot;stretch_section&quot;:&quot;section-stretched&quot;,&quot;background_background&quot;:&quot;classic&quot;}\">\n\t\t\t\t\t\t\t<div class=\"elementor-background-overlay\"><\/div>\n\t\t\t\t\t\t\t<div class=\"elementor-container elementor-column-gap-default\">\n\t\t\t\t\t<div class=\"elementor-column elementor-col-100 elementor-top-column elementor-element elementor-element-6d23c26\" data-id=\"6d23c26\" data-element_type=\"column\" data-e-type=\"column\">\n\t\t\t<div class=\"elementor-widget-wrap elementor-element-populated\">\n\t\t\t\t\t\t<div class=\"elementor-element elementor-element-50b11ac elementor-widget elementor-widget-heading\" data-id=\"50b11ac\" data-element_type=\"widget\" data-e-type=\"widget\" data-widget_type=\"heading.default\">\n\t\t\t\t<div class=\"elementor-widget-container\">\n\t\t\t\t\t<h2 class=\"elementor-heading-title elementor-size-default\">Profesionales<\/h2>\t\t\t\t<\/div>\n\t\t\t\t<\/div>\n\t\t\t\t\t<\/div>\n\t\t<\/div>\n\t\t\t\t\t<\/div>\n\t\t<\/section>\n\t\t\t\t<section class=\"elementor-section elementor-top-section elementor-element elementor-element-d86921e elementor-section-boxed elementor-section-height-default elementor-section-height-default\" data-id=\"d86921e\" data-element_type=\"section\" data-e-type=\"section\">\n\t\t\t\t\t\t<div class=\"elementor-container elementor-column-gap-default\">\n\t\t\t\t\t<div class=\"elementor-column elementor-col-100 elementor-top-column elementor-element elementor-element-4e86338\" data-id=\"4e86338\" data-element_type=\"column\" data-e-type=\"column\">\n\t\t\t<div class=\"elementor-widget-wrap\">\n\t\t\t\t\t\t\t<\/div>\n\t\t<\/div>\n\t\t\t\t\t<\/div>\n\t\t<\/section>\n\t\t\t\t<section class=\"elementor-section elementor-top-section elementor-element elementor-element-40189aa elementor-section-boxed elementor-section-height-default elementor-section-height-default\" data-id=\"40189aa\" data-element_type=\"section\" data-e-type=\"section\">\n\t\t\t\t\t\t<div class=\"elementor-container elementor-column-gap-default\">\n\t\t\t\t\t<div class=\"elementor-column elementor-col-33 elementor-top-column elementor-element elementor-element-63be0ac\" data-id=\"63be0ac\" data-element_type=\"column\" data-e-type=\"column\">\n\t\t\t<div class=\"elementor-widget-wrap elementor-element-populated\">\n\t\t\t\t\t\t<div class=\"elementor-element elementor-element-4bded99 elementor-position-top elementor-widget elementor-widget-image-box\" data-id=\"4bded99\" data-element_type=\"widget\" data-e-type=\"widget\" data-widget_type=\"image-box.default\">\n\t\t\t\t<div class=\"elementor-widget-container\">\n\t\t\t\t\t<div class=\"elementor-image-box-wrapper\"><figure class=\"elementor-image-box-img\"><img fetchpriority=\"high\" decoding=\"async\" width=\"935\" height=\"951\" src=\"https:\/\/oftalmologia.salasalud.com.ar\/wp-content\/uploads\/2026\/01\/eduardo-albesi.webp\" class=\"attachment-full size-full wp-image-955\" alt=\"\" srcset=\"https:\/\/oftalmologia.salasalud.com.ar\/wp-content\/uploads\/2026\/01\/eduardo-albesi.webp 935w, https:\/\/oftalmologia.salasalud.com.ar\/wp-content\/uploads\/2026\/01\/eduardo-albesi-295x300.webp 295w, https:\/\/oftalmologia.salasalud.com.ar\/wp-content\/uploads\/2026\/01\/eduardo-albesi-768x781.webp 768w\" sizes=\"(max-width: 935px) 100vw, 935px\" \/><\/figure><div class=\"elementor-image-box-content\"><h3 class=\"elementor-image-box-title\">Dr. Eduardo Albesi<\/h3><p class=\"elementor-image-box-description\">M\u00e9dico Cirujano Oftalm\u00f3logo<br>\nDirector M\u00e9dico en Centro de Cirug\u00eda Ocular Sala Salud \n<\/p><\/div><\/div>\t\t\t\t<\/div>\n\t\t\t\t<\/div>\n\t\t\t\t\t<\/div>\n\t\t<\/div>\n\t\t\t\t<div class=\"elementor-column elementor-col-33 elementor-top-column elementor-element elementor-element-2c1968c\" data-id=\"2c1968c\" data-element_type=\"column\" data-e-type=\"column\">\n\t\t\t<div class=\"elementor-widget-wrap elementor-element-populated\">\n\t\t\t\t\t\t<div class=\"elementor-element elementor-element-b84f7dd elementor-position-top elementor-widget elementor-widget-image-box\" data-id=\"b84f7dd\" data-element_type=\"widget\" data-e-type=\"widget\" data-widget_type=\"image-box.default\">\n\t\t\t\t<div class=\"elementor-widget-container\">\n\t\t\t\t\t<div class=\"elementor-image-box-wrapper\"><figure class=\"elementor-image-box-img\"><img decoding=\"async\" width=\"935\" height=\"952\" src=\"https:\/\/oftalmologia.salasalud.com.ar\/wp-content\/uploads\/2026\/01\/romina-alvarez.webp\" class=\"attachment-full size-full wp-image-958\" alt=\"\" srcset=\"https:\/\/oftalmologia.salasalud.com.ar\/wp-content\/uploads\/2026\/01\/romina-alvarez.webp 935w, https:\/\/oftalmologia.salasalud.com.ar\/wp-content\/uploads\/2026\/01\/romina-alvarez-295x300.webp 295w, https:\/\/oftalmologia.salasalud.com.ar\/wp-content\/uploads\/2026\/01\/romina-alvarez-768x782.webp 768w\" sizes=\"(max-width: 935px) 100vw, 935px\" \/><\/figure><div class=\"elementor-image-box-content\"><h3 class=\"elementor-image-box-title\">Dra. Romina Alv\u00e1rez<\/h3><p class=\"elementor-image-box-description\">M\u00e9dica Oftalm\u00f3loga\n<\/p><\/div><\/div>\t\t\t\t<\/div>\n\t\t\t\t<\/div>\n\t\t\t\t\t<\/div>\n\t\t<\/div>\n\t\t\t\t<div class=\"elementor-column elementor-col-33 elementor-top-column elementor-element elementor-element-aee19fe\" data-id=\"aee19fe\" data-element_type=\"column\" data-e-type=\"column\">\n\t\t\t<div class=\"elementor-widget-wrap elementor-element-populated\">\n\t\t\t\t\t\t<div class=\"elementor-element elementor-element-3091f03 elementor-position-top elementor-widget elementor-widget-image-box\" data-id=\"3091f03\" data-element_type=\"widget\" data-e-type=\"widget\" data-widget_type=\"image-box.default\">\n\t\t\t\t<div class=\"elementor-widget-container\">\n\t\t\t\t\t<div class=\"elementor-image-box-wrapper\"><figure class=\"elementor-image-box-img\"><img decoding=\"async\" width=\"935\" height=\"951\" src=\"https:\/\/oftalmologia.salasalud.com.ar\/wp-content\/uploads\/2026\/01\/edmi-vargas.webp\" class=\"attachment-full size-full wp-image-954\" alt=\"\" srcset=\"https:\/\/oftalmologia.salasalud.com.ar\/wp-content\/uploads\/2026\/01\/edmi-vargas.webp 935w, https:\/\/oftalmologia.salasalud.com.ar\/wp-content\/uploads\/2026\/01\/edmi-vargas-295x300.webp 295w, https:\/\/oftalmologia.salasalud.com.ar\/wp-content\/uploads\/2026\/01\/edmi-vargas-768x781.webp 768w\" sizes=\"(max-width: 935px) 100vw, 935px\" \/><\/figure><div class=\"elementor-image-box-content\"><h3 class=\"elementor-image-box-title\">Dra. Edmi Vargas<\/h3><p class=\"elementor-image-box-description\">M\u00e9dica Oftalm\u00f3loga\n<\/p><\/div><\/div>\t\t\t\t<\/div>\n\t\t\t\t<\/div>\n\t\t\t\t\t<\/div>\n\t\t<\/div>\n\t\t\t\t\t<\/div>\n\t\t<\/section>\n\t\t\t\t<section class=\"elementor-section elementor-top-section elementor-element elementor-element-7fc4758 elementor-section-boxed elementor-section-height-default elementor-section-height-default\" data-id=\"7fc4758\" data-element_type=\"section\" data-e-type=\"section\">\n\t\t\t\t\t\t<div class=\"elementor-container elementor-column-gap-default\">\n\t\t\t\t\t<div class=\"elementor-column elementor-col-33 elementor-top-column elementor-element elementor-element-e3a921b\" data-id=\"e3a921b\" data-element_type=\"column\" data-e-type=\"column\">\n\t\t\t<div class=\"elementor-widget-wrap elementor-element-populated\">\n\t\t\t\t\t\t<div class=\"elementor-element elementor-element-36d7962 elementor-position-top elementor-widget elementor-widget-image-box\" data-id=\"36d7962\" data-element_type=\"widget\" data-e-type=\"widget\" data-widget_type=\"image-box.default\">\n\t\t\t\t<div class=\"elementor-widget-container\">\n\t\t\t\t\t<div class=\"elementor-image-box-wrapper\"><figure class=\"elementor-image-box-img\"><img loading=\"lazy\" decoding=\"async\" width=\"935\" height=\"951\" src=\"https:\/\/oftalmologia.salasalud.com.ar\/wp-content\/uploads\/2026\/01\/mabel-turkula.webp\" class=\"attachment-full size-full wp-image-957\" alt=\"\" srcset=\"https:\/\/oftalmologia.salasalud.com.ar\/wp-content\/uploads\/2026\/01\/mabel-turkula.webp 935w, https:\/\/oftalmologia.salasalud.com.ar\/wp-content\/uploads\/2026\/01\/mabel-turkula-295x300.webp 295w, https:\/\/oftalmologia.salasalud.com.ar\/wp-content\/uploads\/2026\/01\/mabel-turkula-768x781.webp 768w\" sizes=\"(max-width: 935px) 100vw, 935px\" \/><\/figure><div class=\"elementor-image-box-content\"><h3 class=\"elementor-image-box-title\">Dra. Mabel Turkula<\/h3><p class=\"elementor-image-box-description\">M\u00e9dica Oftalm\u00f3loga\n<\/p><\/div><\/div>\t\t\t\t<\/div>\n\t\t\t\t<\/div>\n\t\t\t\t\t<\/div>\n\t\t<\/div>\n\t\t\t\t<div class=\"elementor-column elementor-col-33 elementor-top-column elementor-element elementor-element-6153a56\" data-id=\"6153a56\" data-element_type=\"column\" data-e-type=\"column\">\n\t\t\t<div class=\"elementor-widget-wrap elementor-element-populated\">\n\t\t\t\t\t\t<div class=\"elementor-element elementor-element-84c3aba elementor-position-top elementor-widget elementor-widget-image-box\" data-id=\"84c3aba\" data-element_type=\"widget\" data-e-type=\"widget\" data-widget_type=\"image-box.default\">\n\t\t\t\t<div class=\"elementor-widget-container\">\n\t\t\t\t\t<div class=\"elementor-image-box-wrapper\"><figure class=\"elementor-image-box-img\"><img loading=\"lazy\" decoding=\"async\" width=\"935\" height=\"951\" src=\"https:\/\/oftalmologia.salasalud.com.ar\/wp-content\/uploads\/2026\/01\/gisele-gagliardi.webp\" class=\"attachment-full size-full wp-image-956\" alt=\"\" srcset=\"https:\/\/oftalmologia.salasalud.com.ar\/wp-content\/uploads\/2026\/01\/gisele-gagliardi.webp 935w, https:\/\/oftalmologia.salasalud.com.ar\/wp-content\/uploads\/2026\/01\/gisele-gagliardi-295x300.webp 295w, https:\/\/oftalmologia.salasalud.com.ar\/wp-content\/uploads\/2026\/01\/gisele-gagliardi-768x781.webp 768w\" sizes=\"(max-width: 935px) 100vw, 935px\" \/><\/figure><div class=\"elementor-image-box-content\"><h3 class=\"elementor-image-box-title\">Dra. Gisele Gagliardi<\/h3><p class=\"elementor-image-box-description\">Oftalm\u00f3loga Pedi\u00e1trica<br>\ny adultos\n<\/p><\/div><\/div>\t\t\t\t<\/div>\n\t\t\t\t<\/div>\n\t\t\t\t\t<\/div>\n\t\t<\/div>\n\t\t\t\t<div class=\"elementor-column elementor-col-33 elementor-top-column elementor-element elementor-element-58307f6\" data-id=\"58307f6\" data-element_type=\"column\" data-e-type=\"column\">\n\t\t\t<div class=\"elementor-widget-wrap elementor-element-populated\">\n\t\t\t\t\t\t<div class=\"elementor-element elementor-element-92d636d elementor-position-top elementor-widget elementor-widget-image-box\" data-id=\"92d636d\" data-element_type=\"widget\" data-e-type=\"widget\" data-widget_type=\"image-box.default\">\n\t\t\t\t<div class=\"elementor-widget-container\">\n\t\t\t\t\t<div class=\"elementor-image-box-wrapper\"><figure class=\"elementor-image-box-img\"><img loading=\"lazy\" decoding=\"async\" width=\"142\" height=\"142\" src=\"https:\/\/oftalmologia.salasalud.com.ar\/wp-content\/uploads\/2025\/01\/sala-salud-logo.webp\" class=\"attachment-full size-full wp-image-479\" alt=\"\" \/><\/figure><div class=\"elementor-image-box-content\"><h3 class=\"elementor-image-box-title\">Centro Oftalmol\u00f3gico Sala Salud<\/h3><p class=\"elementor-image-box-description\">Cnel. D\u00b4Elia 1699, Lan\u00fas Oeste\n<\/p><\/div><\/div>\t\t\t\t<\/div>\n\t\t\t\t<\/div>\n\t\t\t\t\t<\/div>\n\t\t<\/div>\n\t\t\t\t\t<\/div>\n\t\t<\/section>\n\t\t\t\t<section class=\"elementor-section elementor-top-section elementor-element elementor-element-551dc03 elementor-section-stretched elementor-section-boxed elementor-section-height-default elementor-section-height-default\" data-id=\"551dc03\" data-element_type=\"section\" data-e-type=\"section\" data-settings=\"{&quot;stretch_section&quot;:&quot;section-stretched&quot;,&quot;background_background&quot;:&quot;classic&quot;}\">\n\t\t\t\t\t\t<div class=\"elementor-container elementor-column-gap-default\">\n\t\t\t\t\t<div class=\"elementor-column elementor-col-100 elementor-top-column elementor-element elementor-element-7804b3e\" data-id=\"7804b3e\" data-element_type=\"column\" data-e-type=\"column\">\n\t\t\t<div class=\"elementor-widget-wrap elementor-element-populated\">\n\t\t\t\t\t\t<div class=\"elementor-element elementor-element-10c0a29 elementor-widget elementor-widget-heading\" data-id=\"10c0a29\" data-element_type=\"widget\" data-e-type=\"widget\" data-widget_type=\"heading.default\">\n\t\t\t\t<div class=\"elementor-widget-container\">\n\t\t\t\t\t<h2 class=\"elementor-heading-title elementor-size-default\">Director M\u00e9dico Centro Oftalmol\u00f3gico Salud<\/h2>\t\t\t\t<\/div>\n\t\t\t\t<\/div>\n\t\t\t\t<div class=\"elementor-element elementor-element-2558a93 elementor-widget elementor-widget-heading\" data-id=\"2558a93\" data-element_type=\"widget\" data-e-type=\"widget\" data-widget_type=\"heading.default\">\n\t\t\t\t<div class=\"elementor-widget-container\">\n\t\t\t\t\t<h2 class=\"elementor-heading-title elementor-size-default\">Dr. Albesi, Eduardo<\/h2>\t\t\t\t<\/div>\n\t\t\t\t<\/div>\n\t\t\t\t\t<\/div>\n\t\t<\/div>\n\t\t\t\t\t<\/div>\n\t\t<\/section>\n\t\t\t\t<\/div>\n\t\t","protected":false},"excerpt":{"rendered":"<p>Profesionales Dr. Eduardo Albesi M\u00e9dico Cirujano Oftalm\u00f3logo Director M\u00e9dico en Centro de Cirug\u00eda Ocular Sala Salud Dra. Romina Alv\u00e1rez M\u00e9dica [&hellip;]<\/p>\n","protected":false},"author":1,"featured_media":0,"parent":0,"menu_order":0,"comment_status":"closed","ping_status":"closed","template":"","meta":{"site-sidebar-layout":"default","site-content-layout":"","ast-site-content-layout":"default","site-content-style":"default","site-sidebar-style":"default","ast-global-header-display":"","ast-banner-title-visibility":"","ast-main-header-display":"","ast-hfb-above-header-display":"","ast-hfb-below-header-display":"","ast-hfb-mobile-header-display":"","site-post-title":"disabled","ast-breadcrumbs-content":"","ast-featured-img":"","footer-sml-layout":"","ast-disable-related-posts":"","theme-transparent-header-meta":"","adv-header-id-meta":"","stick-header-meta":"","header-above-stick-meta":"","header-main-stick-meta":"","header-below-stick-meta":"","astra-migrate-meta-layouts":"default","ast-page-background-enabled":"default","ast-page-background-meta":{"desktop":{"background-color":"var(--ast-global-color-5)","background-image":"","background-repeat":"repeat","background-position":"center center","background-size":"auto","background-attachment":"scroll","background-type":"","background-media":"","overlay-type":"","overlay-color":"","overlay-opacity":"","overlay-gradient":""},"tablet":{"background-color":"","background-image":"","background-repeat":"repeat","background-position":"center center","background-size":"auto","background-attachment":"scroll","background-type":"","background-media":"","overlay-type":"","overlay-color":"","overlay-opacity":"","overlay-gradient":""},"mobile":{"background-color":"","background-image":"","background-repeat":"repeat","background-position":"center center","background-size":"auto","background-attachment":"scroll","background-type":"","background-media":"","overlay-type":"","overlay-color":"","overlay-opacity":"","overlay-gradient":""}},"ast-content-background-meta":{"desktop":{"background-color":"var(--ast-global-color-4)","background-image":"","background-repeat":"repeat","background-position":"center center","background-size":"auto","background-attachment":"scroll","background-type":"","background-media":"","overlay-type":"","overlay-color":"","overlay-opacity":"","overlay-gradient":""},"tablet":{"background-color":"var(--ast-global-color-4)","background-image":"","background-repeat":"repeat","background-position":"center center","background-size":"auto","background-attachment":"scroll","background-type":"","background-media":"","overlay-type":"","overlay-color":"","overlay-opacity":"","overlay-gradient":""},"mobile":{"background-color":"var(--ast-global-color-4)","background-image":"","background-repeat":"repeat","background-position":"center center","background-size":"auto","background-attachment":"scroll","background-type":"","background-media":"","overlay-type":"","overlay-color":"","overlay-opacity":"","overlay-gradient":""}},"footnotes":""},"class_list":["post-360","page","type-page","status-publish","hentry"],"_hostinger_reach_plugin_has_subscription_block":false,"_hostinger_reach_plugin_is_elementor":false,"_links":{"self":[{"href":"https:\/\/oftalmologia.salasalud.com.ar\/index.php\/wp-json\/wp\/v2\/pages\/360","targetHints":{"allow":["GET"]}}],"collection":[{"href":"https:\/\/oftalmologia.salasalud.com.ar\/index.php\/wp-json\/wp\/v2\/pages"}],"about":[{"href":"https:\/\/oftalmologia.salasalud.com.ar\/index.php\/wp-json\/wp\/v2\/types\/page"}],"author":[{"embeddable":true,"href":"https:\/\/oftalmologia.salasalud.com.ar\/index.php\/wp-json\/wp\/v2\/users\/1"}],"replies":[{"embeddable":true,"href":"https:\/\/oftalmologia.salasalud.com.ar\/index.php\/wp-json\/wp\/v2\/comments?post=360"}],"version-history":[{"count":31,"href":"https:\/\/oftalmologia.salasalud.com.ar\/index.php\/wp-json\/wp\/v2\/pages\/360\/revisions"}],"predecessor-version":[{"id":961,"href":"https:\/\/oftalmologia.salasalud.com.ar\/index.php\/wp-json\/wp\/v2\/pages\/360\/revisions\/961"}],"wp:attachment":[{"href":"https:\/\/oftalmologia.salasalud.com.ar\/index.php\/wp-json\/wp\/v2\/media?parent=360"}],"curies":[{"name":"wp","href":"https:\/\/api.w.org\/{rel}","templated":true}]}}